{"id":424,"date":"2017-02-28T12:18:48","date_gmt":"2017-02-28T11:18:48","guid":{"rendered":"http:\/\/2017.lublin.wordcamp.org\/?page_id=424"},"modified":"2017-05-08T18:16:32","modified_gmt":"2017-05-08T16:16:32","slug":"lokalizacja","status":"publish","type":"page","link":"https:\/\/lublin.wordcamp.org\/2017\/lokalizacja\/","title":{"rendered":"Lokalizacja"},"content":{"rendered":"<p>Konferencja odb\u0119dzie si\u0119 w <a href=\"http:\/\/www.victorialublin.pl\/\" target=\"_blank\">Centrum Konferencyjnym Hotelu Victoria<\/a>, przy ul. Narutowicza 56\/60 w centrum Lublina.<\/p>\n<p><img data-recalc-dims=\"1\" decoding=\"async\" src=\"https:\/\/i0.wp.com\/2017.lublin.wordcamp.org\/files\/2017\/02\/4005.jpg?w=740\" alt=\"\" \/><\/p>\n<h3><strong>W tym roku mocno stawiamy na wygod\u0119 i komfort uczestnik\u00f3w!<\/strong><\/h3>\n<p>Ca\u0142e wydarzenie odb\u0119dzie si\u0119 w jednym miejscu. Od pi\u0105tku do niedzieli go\u015bcimy w Victorii gdzie czekaj\u0105 na Was pokoje w atrakcyjnych cenach:<\/p>\n<ul>\n<li>pok\u00f3j 2-osobowy ze \u015bniadaniem 160 z\u0142\/doba<\/li>\n<li>pok\u00f3j 3-osobowy ze \u015bniadaniem 230 z\u0142\/doba<\/li>\n<li>pok\u00f3j 1-osobowy &#8222;economy&#8221; ze \u015bniadaniem 135 z\u0142\/doba<\/li>\n<li>pok\u00f3j 1-osobowy &#8222;standard&#8221; ze \u015bniadaniem 190 z\u0142\/doba<\/li>\n<\/ul>\n<p>Wystarczy zadzwoni\u0107 \u00a0lub napisa\u0107 do hotelu i zrobi\u0107 sobie rezerwacj\u0119 wybranego pokoju<strong> na has\u0142o &#8222;WordCamp&#8221;<\/strong> otrzymujecie rabatowe ceny podane powy\u017cej, a tak\u017ce parking hotelowy w cenie 20 z\u0142\/doba.<\/p>\n<p>Rezerwacji mo\u017cna dokona\u0107:<\/p>\n<ul>\n<li>tel.: 81 532 70 11, 81 532 70 12, 81 532 70 13<\/li>\n<li>e-mail: <a href=\"mailto:info@victorialublin.pl\">info@victorialublin.pl<\/a><\/li>\n<\/ul>\n<p><a href=\"https:\/\/2017.lublin.wordcamp.org\/faq\/#nocleg\">Sprawd\u017a r\u00f3wnie\u017c inne opcje noclegowe \u2192<\/a><\/p>\n<p>Centrum Konferencyjne mie\u015bci si\u0119 na parterze 11-pi\u0119trowego obiektu.<\/p>\n<p><img data-recalc-dims=\"1\" loading=\"lazy\" decoding=\"async\" data-attachment-id=\"431\" data-permalink=\"https:\/\/lublin.wordcamp.org\/2017\/lokalizacja\/monika-i-richard-fotografia-lublin-tomasz-luszczak\/\" data-orig-file=\"https:\/\/i0.wp.com\/lublin.wordcamp.org\/2017\/files\/2017\/02\/04.jpg?fit=1401%2C932&amp;ssl=1\" data-orig-size=\"1401,932\" data-comments-opened=\"1\" data-image-meta=\"{&quot;aperture&quot;:&quot;0&quot;,&quot;credit&quot;:&quot;Tomasz \\u0141uszczak - Fotograf Lublin&quot;,&quot;camera&quot;:&quot;&quot;,&quot;caption&quot;:&quot;Monika i Richard - Fotografia Lublin - Tomasz Luszczak&quot;,&quot;created_timestamp&quot;:&quot;0&quot;,&quot;copyright&quot;:&quot;TOMASZ LUSZCZAK&quot;,&quot;focal_length&quot;:&quot;0&quot;,&quot;iso&quot;:&quot;0&quot;,&quot;shutter_speed&quot;:&quot;0&quot;,&quot;title&quot;:&quot;Monika i Richard - Fotografia Lublin - Tomasz Luszczak&quot;,&quot;orientation&quot;:&quot;0&quot;}\" data-image-title=\"Monika i Richard &amp;#8211; Fotografia Lublin &amp;#8211; Tomasz Luszczak\" data-image-description=\"\" data-image-caption=\"&lt;p&gt;Monika i Richard &amp;#8211; Fotografia Lublin &amp;#8211; Tomasz Luszczak&lt;\/p&gt;\n\" data-medium-file=\"https:\/\/i0.wp.com\/lublin.wordcamp.org\/2017\/files\/2017\/02\/04.jpg?fit=300%2C200&amp;ssl=1\" data-large-file=\"https:\/\/i0.wp.com\/lublin.wordcamp.org\/2017\/files\/2017\/02\/04.jpg?fit=740%2C492&amp;ssl=1\" class=\"alignnone wp-image-431 size-large\" src=\"https:\/\/i0.wp.com\/2017.lublin.wordcamp.org\/files\/2017\/02\/04-1024x681.jpg?resize=740%2C492\" alt=\"\" width=\"740\" height=\"492\" srcset=\"https:\/\/i0.wp.com\/lublin.wordcamp.org\/2017\/files\/2017\/02\/04.jpg?resize=1024%2C681&amp;ssl=1 1024w, https:\/\/i0.wp.com\/lublin.wordcamp.org\/2017\/files\/2017\/02\/04.jpg?resize=300%2C200&amp;ssl=1 300w, https:\/\/i0.wp.com\/lublin.wordcamp.org\/2017\/files\/2017\/02\/04.jpg?resize=768%2C511&amp;ssl=1 768w, https:\/\/i0.wp.com\/lublin.wordcamp.org\/2017\/files\/2017\/02\/04.jpg?resize=451%2C300&amp;ssl=1 451w, https:\/\/i0.wp.com\/lublin.wordcamp.org\/2017\/files\/2017\/02\/04.jpg?w=1401&amp;ssl=1 1401w\" sizes=\"auto, (max-width: 706px) 89vw, (max-width: 767px) 82vw, 740px\" \/><\/p>\n<p><strong>Na dachu budynku<\/strong> znajduje si\u0119 taras widokowy. Na uczestnik\u00f3w tego niezwyk\u0142ego wydarzenia\u00a0czeka\u0107 b\u0119dzie tam mi\u0142a niespodzianka!<\/p>\n<p>Ponadto mo\u017cecie wybra\u0107 si\u0119 st\u0105d pieszo na <strong>s\u0142ynne lubelskie Stare Miasto<\/strong>. Lokalizacja obiektu i \u015bwietne po\u0142\u0105czenie komunikacyjne z ka\u017cdym miejscem w mie\u015bcie sprawia, \u017ce wsz\u0119dzie jest blisko.<\/p>\n<p>A dla tych, kt\u00f3rzy podr\u00f3\u017c na wydarzenie planuj\u0105 autem, podajemy dane do<br \/>\n<strong>GPS: 51.24183 N 22.55537 E<\/strong><\/p>\n","protected":false},"excerpt":{"rendered":"<p>Konferencja odb\u0119dzie si\u0119 w Centrum Konferencyjnym Hotelu Victoria, przy ul. Narutowicza 56\/60 w centrum Lublina. W tym roku mocno stawiamy na wygod\u0119 i komfort uczestnik\u00f3w! Ca\u0142e wydarzenie odb\u0119dzie si\u0119 w jednym miejscu. Od pi\u0105tku do niedzieli go\u015bcimy w Victorii gdzie czekaj\u0105 na Was pokoje w atrakcyjnych cenach: pok\u00f3j 2-osobowy ze \u015bniadaniem 160 z\u0142\/doba pok\u00f3j 3-osobowy &hellip; <\/p>\n<p class=\"link-more\"><a href=\"https:\/\/lublin.wordcamp.org\/2017\/lokalizacja\/\" class=\"more-link\">Czytaj dalej<span class=\"screen-reader-text\"> \u201eLokalizacja\u201d<\/span><\/a><\/p>\n","protected":false},"author":14983329,"featured_media":0,"parent":0,"menu_order":0,"comment_status":"closed","ping_status":"closed","template":"","meta":{"jetpack_post_was_ever_published":false,"footnotes":""},"class_list":["post-424","page","type-page","status-publish","hentry"],"jetpack_sharing_enabled":true,"_links":{"self":[{"href":"https:\/\/lublin.wordcamp.org\/2017\/wp-json\/wp\/v2\/pages\/424","targetHints":{"allow":["GET"]}}],"collection":[{"href":"https:\/\/lublin.wordcamp.org\/2017\/wp-json\/wp\/v2\/pages"}],"about":[{"href":"https:\/\/lublin.wordcamp.org\/2017\/wp-json\/wp\/v2\/types\/page"}],"author":[{"embeddable":true,"href":"https:\/\/lublin.wordcamp.org\/2017\/wp-json\/wp\/v2\/users\/14983329"}],"replies":[{"embeddable":true,"href":"https:\/\/lublin.wordcamp.org\/2017\/wp-json\/wp\/v2\/comments?post=424"}],"version-history":[{"count":25,"href":"https:\/\/lublin.wordcamp.org\/2017\/wp-json\/wp\/v2\/pages\/424\/revisions"}],"predecessor-version":[{"id":2168,"href":"https:\/\/lublin.wordcamp.org\/2017\/wp-json\/wp\/v2\/pages\/424\/revisions\/2168"}],"wp:attachment":[{"href":"https:\/\/lublin.wordcamp.org\/2017\/wp-json\/wp\/v2\/media?parent=424"}],"curies":[{"name":"wp","href":"https:\/\/api.w.org\/{rel}","templated":true}]}}